174, 4*m - 2*m = -4. Suppose -t = -2*y - 0*y. What is the units digit of y?
8
Suppose 447*i - 14950 = 442*i. What is the thousands digit of i?
2
Let v(s) = -152*s + 183. What is the tens digit of v(-5)?
4
Let p(c) = -c**2 - 3*c + 18. Let q be p(-6). Suppose 2*l + 224 = 7*l + g, q = 4*l + 5*g - 175. What is the tens digit of l?
4
Let p(m) = -14*m - 67. Let h be (-5 - (-25)/5) + -9. What is the units digit of p(h)?
9
Suppose -4*j = 3*p + 1 - 15, 3*j + 5*p - 16 = 0. Suppose j*c - 28 = -0*c. Suppose -c = -4*q - 2. What is the units digit of q?
3
Let m(v) = 2*v**3 - 3*v**3 + 0*v**3 + 67 - 68 - 6*v**2 + 5*v. What is the tens digit of m(-8)?
8
Suppose 0 = 15*x - 4223 + 1298. Suppose -18*q + x = -15*q. What is the units digit of q?
5
Suppose 2*t + 108 = -j, 3*t - 5*j + 129 = -46. Let z = 172 - t. What is the tens digit of z?
2
Let m(i) = 3*i**2 + 13*i + 5 - 2*i**2 - 18*i + 6. What is the units digit of m(12)?
5
Let v(c) = -c**2 - 18*c - 8. Let k be v(-17). What is the tens digit of k - -6 - (-3)/1?
1
Let n(g) = -g**2 - 23*g - 18. Let i be n(-22). Suppose i*m - 9*m + 435 = 0. What is the units digit of m?
7
Suppose -147 = 8*x - x. Let s = 76 + x. What is the units digit of s?
5
Let z = -50 + 59. Suppose 0 = -z*v + 202 + 284. What is the units digit of v?
4
Let j = 7 + -4. Let m be -3 + 1/(j/9). Suppose b - a - 29 = m, 0 = -2*b + a - 3*a + 42. What is the units digit of b?
5
Let w be (6/(-8))/((-18)/64)*75. Let u = w - 102. What is the units digit of u?
8
Let y(r) = -10*r + 339. What is the tens digit of y(16)?
7
What is the thousands digit of 1 - (-23860)/(-30)*-3?
2
Let h = -5 - -5. Suppose h = -b - b + 4. Suppose 2*v + b*t = 34, -6*t - 47 = -4*v - 3*t. What is the units digit of v?
4
Suppose 0 = -0*b - 9*b + 4806. What is the tens digit of b?
3
Suppose 5*r + 4*k = 15, 3 + 0 = r + 2*k. Suppose r*f = 5*l + 25 + 37, 2*l + 3*f = -8. What is the tens digit of (-6)/l - 227/(-5)?
4
Suppose -2*k + 0 - 8 = -2*y, 0 = -2*y + 4*k + 8. What is the tens digit of 270/8 - (-1)/y?
3
Let i = 140 + -131. Let h(l) = -l**3 + 15*l**2 - 4*l. Let w(r) = r**3 - 16*r**2 + 5*r. Let m(v) = 7*h(v) + 6*w(v). What is the units digit of m(i)?
8
Let x(o) = o**3 - 5*o**2 - 6*o + 3. Let v be -21*(0 + (-2)/6). Let s be x(v). Let w = s + -29. What is the units digit of w?
0
Let z be 6/(-2) + (-3 - -6). Let u(g) = -g**2 + 92. What is the units digit of u(z)?
2
Suppose 18 = -5*s + 8*s. Suppose -2*w - 314 = -3*h, s*w - 329 = -3*h + 5*w. What is the units digit of h?
8
Let u = -315 + 319. Let j(g) = -g + 4. Let n(d) = 8*d - 28. Let k(f) = 40*j(f) + 6*n(f). What is the tens digit of k(u)?
2
Suppose 19*z - 5059 = 2769. What is the units digit of z?
2
Let l be 6 + 2 + (-3)/1. Suppose l*v = 2*c + 1025, c - 410 = -2*v + 4*c. Suppose -7*b + v = -2*b. What is the units digit of b?
1
Let o be 384/36*6/4. Suppose -o - 50 = -3*i. Suppose 2*r - f + 3*f = i, 5*r - 4*f = 91. What is the tens digit of r?
1
Let d(o) = 37*o**2 - 3*o - 34. What is the hundreds digit of d(-6)?
3
Let p(u) be the second derivative of 3*u**4/4 - 2*u**3/3 - 5*u**2/2 - 7*u. What is the units digit of p(-2)?
9
Suppose p - 8 = -99. Let m(c) = -c**3 + 6*c**2 - 6*c - 5. Let f be m(6). Let g = f - p. What is the units digit of g?
0
Let f(k) = 470*k**2 - 21*k + 2. What is the hundreds digit of f(-2)?
9
Let u be 2 + 1 + 7/7. Suppose -3*d + 81 = -u*d. Let g = -57 - d. What is the tens digit of g?
2
Let w(n) = 8*n**2 + 1 - 2 - 4*n - 2. Suppose -a = 2*a + 6. What is the units digit of w(a)?
7
Suppose 10 = 2*q, -401 + 2098 = 3*z - 2*q. What is the tens digit of z?
6
Let r(z) = -z + 2. Let y(w) = 17*w + 13. Let u(i) = -6*r(i) + y(i). What is the units digit of u(3)?
0
Suppose 4*h = -2*j - 2*j + 16, -4*j - 2*h + 14 = 0. Let b be (236 - -1) + 0/2. Suppose -3*x - j*d = -198, -5 + b = 4*x - 4*d. What is the units digit of x?
2
Let r(m) = -14*m - 81. What is the units digit of r(-14)?
5
Let g(x) = -x + 12. Let i be g(8). Suppose i*v = 5*v - 42. What is the units digit of v?
2
Let y = -11 - -7. Let t = y - -5. What is the units digit of t?
1
Suppose -b - 26 = 4. What is the hundreds digit of (-712)/20*(b/(-2))/(-3)?
1
Let w = 6 - 4. Let k(p) = 4 - w - 3*p + 4*p. What is the units digit of k(2)?
4
Suppose 2*y - 870 = 5*z, -5*y - 4*z + 2175 = -2*z. What is the hundreds digit of y?
4
Suppose 2*m + 2236 = 2*a, 5*m = 2*a - 5*a + 3330. What is the units digit of a?
5
Let r = 84 - 80. Suppose 0*y = r*g - y - 320, 4*g + 3*y = 336. What is the units digit of g?
1
Let t = 865 + 667. What is the tens digit of t?
3
Suppose -2*j = 206 - 200. Let k(u) = -5*u**3 - u**2 - 8*u - 6. Let l(i) = 4*i**3 + i**2 + 7*i + 5. Let f(z) = 5*k(z) + 6*l(z). What is the tens digit of f(j)?
3
Suppose 0 = 10*x + 3*x - 91. Suppose -12*l = -x*l - 1065. What is the hundreds digit of l?
2
Let v = 162 - -270. What is the hundreds digit of v?
4
Let c = -215 - -289. What is the tens digit of c?
7
Let t be 0/(9/((-36)/(-8))). Suppose -5*b + b + 88 = t. What is the units digit of b?
2
Let y = -141 - -244. What is the hundreds digit of y?
1
Let d(s) = 2*s + 33. Let l be d(0). Suppose -7*a = -10*a + l. What is the tens digit of a?
1
Suppose 8*f - 74 = 3*f - 3*q, 0 = 5*q - 15. Let y be 1 - -1*191*3. What is the units digit of (-26)/169 + y/f?
4
Suppose -z = -5*y + 17, 4*y = 2*z + 2*z + 4. Suppose -4*p = y*p - 560. What is the tens digit of p?
7
Let a = 162 - -23. What is the tens digit of a?
8
Suppose -20290 = -20*d + 10*d. What is the tens digit of d?
2
Suppose u + 4*g = -8, -4*u + 4*g + 9 = -19. Let o = -20 - u. Let v = o - -34. What is the tens digit of v?
1
Let p(z) = z**2 - 7*z + 2. Let b be p(8). Let r = b - -15. Let t = 43 - r. What is the units digit of t?
8
Suppose -q = -4*o - 88, o = -q - 21 + 4. Let t = -7 - o. What is the tens digit of (-710)/(-35) + (-4)/t?
2
Suppose 3*g - 7*w - 25 = -3*w, -5*g + 45 = -5*w. Let q = g - 17. What is the tens digit of (52/q)/((-8)/12)?
1
Let w(q) = 11*q**2 + 15*q. Let p be w(7). Let m = -389 + p. What is the tens digit of m?
5
Let n(m) = m**3 + 4*m**2 + 427. What is the units digit of n(0)?
7
Let m be (-2)/(7/(231/(-2))). Let a = m - 19. Let r = a + -8. What is the units digit of r?
6
What is the hundreds digit of 3510/4*174/145?
0
Let p(u) = -2*u - 2. Let h be p(-1). Suppose h = 7*o - 3*o - 3*l - 20, 5*o + 5*l = -10. What is the units digit of o?
2
Let r(u) = -9*u - 56. Let j be r(-5). Let a(y) = 11*y**2 - 3*y + 3*y**3 - 5*y**3 + 3*y**3 + 6. What is the tens digit of a(j)?
3
Let i(d) = -d**3 - 1. Let w(g) = -4*g**2 + 10 - 7*g**2 - 5*g - 4*g + 7*g**3 + 16*g**2. Let h(n) = -6*i(n) - w(n). What is the units digit of h(-7)?
1
Suppose 0 = 3*d - i + 104, 4*d + 0*d + 152 = 4*i. What is the units digit of 1/3 - 1672/d?
1
Suppose -2536 = -11*q + 2117. What is the units digit of q?
3
Suppose -2*w = -549 - 315. What is the tens digit of w?
3
Suppose -7 = -5*i + 4*l, -5*i - 4*l - l + 25 = 0. Suppose -z = i*f - 93, -4*z = -3*f - 154 - 233. What is the units digit of z?
6
What is the hundreds digit of (-1216 - 22)*(-3)/2?
8
Let g(f) = -f**2 + 23*f + 38. Let r be g(14). Let k = r - 113. What is the tens digit of k?
5
Let i(z) = 10*z**3 - 7*z**2 - 15*z. What is the units digit of i(5)?
0
Let z = 1631 - 429. What is the tens digit of z?
0
Let a = -1202 - -1337. What is the hundreds digit of a?
1
Let l = -8 + 19. Let m = l + 134. What is the hundreds digit of m?
1
Let q(a) = -a**3 + 5*a**2 + 2*a + 4. Let x be q(3). Let g be (x/3)/((-8)/(-12)). Let h = 44 - g. What is the units digit of h?
0
What is the units digit of (-238365)/(-95) - 2/19?
9
Let i(k) = -9*k**3 - 3*k**2 - 2*k - 3. Let n(m) = -m + 2*m**2 - 3*m**2 + 29 - 30 - m**3. Let s(a) = -i(a) + 3*n(a). What is the units digit of s(1)?
5
Let g = -95 + 226. Suppose 0 = -4*q - 2*f + 466, -2*q + 5*f + 84 = -g. What is the tens digit of q?
1
Let g(s) = -s - 16. Let i be g(-21). Suppose -3*v - 4*n + 9*n = -164, v = -i*n + 88. Let c = v - 4. What is the tens digit of c?
5
Suppose 0 = -5*y + a - 4, 0 = -4*a - 4. What is the hundreds digit of (-2 - y/(-1)) + 151?
1
Let i = 566 - 84. What is the units digit of i?
2
What is the units digit of ((-3)/24*-402)/((-3)/(-8))?
4
Suppose 5*g + 0*g = 15. Suppose -4*s = 3*r - 2, 17 - 3 = 4*s - g*r. What is the units digit of s*(-4)/8 - -13?
2
Let c = 5 + 0. Suppose 9 = c*y - m